t b(r) = 17651*r - 988448. Determine b(56).
8
Let g(t) = 5127*t + 34780. Give g(-7).
-1109
Let a(t) = -6*t**3 + 312*t**2 - 10*t + 467. Determine a(52).
-53
Let f(i) = 6*i**2 + 6074*i + 1093878. Give f(-778).
10
Let u(q) = -1185352*q + 8297471. Give u(7).
7
Let b(d) = 9*d**2 - 751*d + 682. Determine b(83).
350
Let m(x) = x**3 + 10*x**2 - 109*x + 10. Determine m(6).
-68
Let h(g) = 16504*g + 363092. What is h(-22)?
4
Let j(d) = -549*d + 5566. Give j(9).
625
Let a(l) = 13662*l - 286914. Determine a(21).
-12
Let l(r) = -r**3 - 211*r**2 + 229*r + 3387. Give l(-212).
-217
Let t(p) = 893*p + 96429. Calculate t(-108).
-15
Let s(g) = 98*g**3 - 53*g**2 + 10*g - 13. Determine s(2).
579
Let w(o) = -2*o**3 + 58*o**2 - 190*o + 119. Give w(25).
369
Let u(s) = s**3 + 41*s**2 + 40*s - 524. Calculate u(-40).
-524
Let k(s) = s**3 - 114*s**2 + 388*s - 6185. Give k(111).
-80
Let y(g) = -6425*g + 44999. What is y(7)?
24
Let f(m) = -242*m - 9389. Calculate f(-39).
49
Let c(x) = x**3 + 545*x**2 - 27815*x - 423. What is c(47)?
0
Let h(d) = -3*d**2 + 739*d + 44976. Give h(-51).
-516
Let c(a) = -4*a**2 + 69*a + 1748. What is c(24)?
1100
Let g(t) = -4*t**2 - 1963*t + 5951. Give g(3).
26
Let c(g) = 3*g**3 + 884*g**2 - 119*g + 51921. Give c(-295).
1
Let o(x) = -9279*x + 46394. What is o(5)?
-1
Let l(s) = -s**3 + 343*s**2 - 39*s - 1. Calculate l(0).
-1
Let d(w) = -78*w**3 - 7485*w**2 + 291*w - 77. Calculate d(-96).
-365
Let s(t) = t**2 - 441*t + 37311. Determine s(114).
33
Let q(j) = -4*j**3 - 20*j**2 + 6586*j + 32970. Determine q(-5).
40
Let p(l) = 5588*l + 3134870. Calculate p(-561).
2
Let a(m) = -45*m**2 + 27403*m + 1206. What is a(609)?
-12
Let n(a) = a**3 - 124*a**2 - 38*a + 136. Determine n(0).
136
Let m(j) = j**3 - 46*j**2 - 102*j + 6559. Determine m(45).
-56
Let j(k) = -5500*k - 1165858. What is j(-212)?
142
Let m(o) = 3*o**2 + 100*o - 762. Calculate m(8).
230
Let y(k) = 46517*k - 50470949. Give y(1085).
-4
Let r(d) = -3*d**3 - 368*d**2 + 135*d - 683. What is r(-123)?
-2159
Let z(l) = -l**3 - 38*l**2 + 224*l + 7208. What is z(-39)?
-7
Let b(t) = t**3 + 35*t**2 - 1417*t + 37. What is b(24)?
13
Let g(n) = 17*n**3 + 4*n**2 + 81*n - 489. Calculate g(5).
2141
Let v(m) = 6019*m - 36138. Calculate v(6).
-24
Let b(q) = 3*q**3 - 14*q**2 + 964*q - 10581. Give b(11).
2322
Let n(i) = -13204*i + 6483172. Give n(491).
8
Let h(q) = -q**3 - 210*q**2 + 19257*q + 51. Give h(69).
465
Let a(p) = -18*p**2 - 59*p - 1. Give a(4).
-525
Let g(y) = 13184*y - 13207. Give g(1).
-23
Let s(x) = 1588*x**2 + 77*x - 5. Give s(1).
1660
Let k(o) = -1538*o + 4672. Calculate k(3).
58
Let j(q) = 8*q**3 - 54*q**2 + 323*q - 49. Determine j(6).
1673
Let r(q) = 59*q**2 + 342*q - 16. Give r(0).
-16
Let p(l) = -l**3 - 185*l**2 - 428*l + 174890. Give p(-177).
14
Let t(m) = -m**2 + 3072*m - 36757. What is t(12)?
-37
Let y(g) = 23*g**2 + 5930*g - 1039. Give y(-258).
-7
Let s(l) = -14*l**3 + 65*l**2 - 394*l + 2090. Determine s(5).
-5
Let y(d) = d**3 + 44*d**2 + 161*d - 149. Give y(-40).
-189
Let n(x) = -16*x**2 - 1242*x + 8635. What is n(7)?
-843
Let q(k) = -3*k**3 - 67*k**2 - 129*k - 89. What is q(-11)?
-2784
Let z(a) = -378*a + 3545. What is z(6)?
1277
Let v(c) = -8327*c - 24945. Give v(-3).
36
Let h(k) = 787*k**2 + 42490*k - 424. Calculate h(-54).
8
Let w(b) = -398*b**2 - 19908*b - 387. Give w(-50).
13
Let w(t) = -2*t**3 + 1487*t**2 - 6648*t - 2213. Determine w(739).
4
Let h(a) = -a**3 - 50*a**2 - 353*a + 170. Give h(-41).
-486
Let m(u) = 96949*u + 193691. Determine m(-2).
-207
Let i(n) = -2*n**3 - 51*n**2 - 62*n - 1776. Calculate i(-26).
512
Let p(j) = -j**2 - 1068*j + 67903. Calculate p(60).
223
Let t(n) = 3*n**2 + 8434*n + 92869. Calculate t(-11).
458
Let p(k) = 747*k**2 + 111*k + 31. What is p(-2)?
2797
Let n(w) = -w**2 + 233*w - 8641. Give n(187).
-39
Let x(i) = -i**3 + 39*i**2 - 327*i - 224. Determine x(19).
783
Let a(f) = -5331*f**2 + 47977*f + 30. What is a(9)?
12
Let j(d) = d**3 - 19*d**2 - d + 267. What is j(13)?
-760
Let x(c) = -132*c**3 - 21384*c**2 - 56*c - 9078. What is x(-162)?
-6
Let f(o) = -1280*o + 108910. Determine f(85).
110
Let r(v) = -5*v**2 + 430*v + 11879. Determine r(-22).
-1
Let y(b) = 2*b**2 - 51*b - 1492. Give y(-20).
328
Let w(a) = 3802*a - 296477. Give w(78).
79
Let o(q) = 126332*q + 252665. Calculate o(-2).
1
Let c(v) = 15610*v - 125324. Determine c(8).
-444
Let p(u) = 109*u**3 + 2*u**2 - 20*u + 674. Calculate p(0).
674
Let u(r) = 96*r**2 - 132*r - 133. Determine u(-1).
95
Let c(r) = -r**3 + 10*r**2 + 902*r - 6355. Calculate c(32).
-19
Let h(v) = 604*v**2 - 7271*v + 269. Calculate h(12).
-7
Let o(y) = 34*y**2 + 2984*y - 559. Give o(-88).
145
Let g(z) = -501*z + 30240. Determine g(66).
-2826
Let w(b) = b**3 - 88*b**2 + 1456*b + 107. Give w(22).
195
Let b(n) = 2*n**3 + 102*n**2 - 493*n - 29654. Determine b(-50).
-4
Let c(t) = -381*t - 27752. Determine c(-73).
61
Let j(w) = w**3 + 174*w**2 + 360*w - 459. What is j(-3)?
0
Let k(n) = -14*n**3 + 364*n**2 + 144*n - 3745. Calculate k(26).
-1
Let c(t) = -321276*t - 1606390. Calculate c(-5).
-10
Let r(g) = -g**2 - 2916*g - 1322951. What is r(-562)?
-3
Let l(s) = 136*s - 27872. Determine l(196).
-1216
Let h(c) = 303*c - 399. What is h(2)?
207
Let c(y) = -y**3 + 6*y**2 + 354624*y - 2482337. Determine c(7).
-18
Let i(w) = w**3 - 648*w**2 - 8591*w - 1278. Calculate i(661).
44
Let m(l) = 29*l**2 - 51660*l + 51663. Determine m(1).
32
Let w(q) = 226915*q + 6580548. Determine w(-29).
13
Let c(y) = -4*y**3 + 165*y**2 - 1103*y - 27. What is c(7)?
-1035
Let j(d) = -9*d**2 - 233*d + 29. Calculate j(-27).
-241
Let m(f) = f**2 - 614*f - 75510. Determine m(-105).
-15
Let y(s) = -5*s**2 - 4056*s - 139518. Calculate y(-36).
18
Let g(i) = -589*i - 8721. What is g(-15)?
114
Let x(w) = 1252*w + 32849. Give x(-25).
1549
Let n(j) = 301*j - 775. Calculate n(5).
730
Let x(s) = -4*s**2 + 534*s + 4611. Calculate x(-8).
83
Let h(n) = 326*n**2 + 5560*n + 3. Determine h(-17).
-303
Let p(i) = -6*i**2 - 958*i + 2320. Calculate p(-162).
52
Let d(k) = 3*k**3 + 102*k**2 + 838*k - 305. Determine d(-19).
18
Let r(l) = 772*l**2 + 1033*l + 262. Calculate r(-1).
1
Let r(h) = -73*h - 4631. What is r(-32)?
-2295
Let z(n) = -7*n**2 + 317*n - 1239. Calculate z(38).
699
Let p(h) = -h**3 - 119*h**2 - 989*h - 693. Give p(-8).
115
Let a(q) = -23*q**2 + 911*q - 1218. Determine a(38).
188
Let k(z) = -549260*z - 3295567. Calculate k(-6).
-7
Let x(p) = -847*p + 153306. Give x(181).
-1
Let i(m) = -2*m**3 - 193*m**2 + 223*m + 12319. Determine i(-97).
97
Let k(h) = -861*h**2 + 9490*h - 33. Determine k(11).
176
Let t(r) = -24*r**2 + 1093*r + 6524. Determine t(-6).
-898
Let r(f) = 22*f**2 - 23340*f + 21222. What is r(1060)?
22
Let c(x) = 2*x**2 - 66*x + 280. What is c(27)?
-44
Let q(f) = 15092*f - 45000. Determine q(3).
276
Let m(s) = -76*s**2 - 307*s - 1. Determine m(-5).
-366
Let x(m) = 213*m**2 - 1215*m - 377. What is x(6)?
1
Let o(y) = -3124*y - 59359. Calculate o(-19).
-3
Let p(w) = 2107374*w - 6322117. Calculate p(3).
5
Let g(z) = z**3 - 13*z**2 - 40*z + 1. Calculate g(-4).
-111
Let i(a) = -218*a + 14954. What is i(68)?
130
Let q(c) = -2*c**2 + 26360*c - 2719808. Determine q(104).
0
Let a(g) = 11*g**3 + 231*g**2 - 39*g - 822. What is a(-21)?
-3
Let l(p) = -569*p + 183431. Give l(322).
213
Let m(f) = -181*f + 802. Determine m(8).
-646
Let l(o) = -7*o**2 - 662*o + 8584. Calculate l(-106).
104
Let g(h) = -2208*h - 6622. What is g(-3)?
2
Let f(j) = 51*j**3 - 765*j**2 + 5*j - 68. Determine f(15).
7
Let n(r) = r**3 + 95*r**2 + 273*r - 203. Calculate n(-92).
73
Let f(y) = 33880*y + 19074440. What is f(-563)?
0
Let y(h) = h**2 + 48*h + 315. What is y(-46)?
223
Let k(r) = -313*r - 3690. Give k(-6).
-1812
Let u(w) = -17*w**3 - 697*w**2 + 32*w + 97. Calculate u(-41).
-1215
Let y(i) = -103008*i - 4429342. Determine y(-43).
2
Let q(g) = 6*g**3 + 419*g**2 - 110*g - 3528. What is q(-70)?
-728
Let g(j) = j**3 - 92*j**2 + 1846*j - 610. Determine g(29).
-59
Let i(y) = 2*y**2 + 67*y - 1721. Give i(-51).
64
Let w(o) = 22242*o + 133447. Calculate w(-6).
-5
Let a(n) = n**3 - n**2 - 26*n - 216. Determine a(-7).
-426
Let x(j) = 2328*j + 39699. What is x(-17)?
123
Let z(f) = -4*f**3 - 27*f**2 - 83*f + 11. Give z(-5).
251
Let w(g) = 2*g**2 + 163322*g + 5876994. What is w(-36)?
-6
Let f(x) = 1207*x - 306550. De